{"id":45,"date":"2014-04-09T11:27:20","date_gmt":"2014-04-09T09:27:20","guid":{"rendered":"http:\/\/www.siloefilmfestival.it\/?page_id=45"},"modified":"2023-06-18T23:14:27","modified_gmt":"2023-06-18T21:14:27","slug":"chi-siamo","status":"publish","type":"page","link":"http:\/\/www.siloefilmfestival.it\/?page_id=45","title":{"rendered":"Chi siamo"},"content":{"rendered":"\n<p><\/p>\n\n\n\n<p>Il <strong>Siloe Film Festival<\/strong> si svolge presso una Comunit\u00e0 Monastica che si inserisce nel solco della tradizione benedettina. La comunit\u00e0 vive e opera in un monastero in costruzione, ma gi\u00e0 capace di ospitare amici e pellegrini, anche se in numero ristretto. Situato su di un alto colle che domina la valle dell&#8217;Ombrone, guarda da non molto lontano il Monte Amiata e la Val d&#8217;Orcia, scruta l&#8217;orizzonte per tuffarsi in mare, soprattutto nei tramonti dorati, dietro ai monti dell&#8217;Uccellina. S\u00ec, in Toscana, in provincia di Grosseto, a un chilometro dal paese di Poggi del Sasso e a 10 da Paganico. Oltre ai membri stabili, sono spesso ospiti persone che trascorrono con i monaci dei periodi pi\u00f9 o meno lunghi condividendo la vita della Comunit\u00e0.<\/p>\n\n\n\n<p>Nel 2023, il Siloe Film festival, dopo una pausa forzata, ritorna ad essere protagonista della cultura in Maremma.<\/p>\n\n\n\n<p><strong>Il Direttore artistico del Festival 2023 \u00e8 DINO MAZZOLI<\/strong><\/p>\n\n\n<div class=\"wp-block-image\">\n<figure class=\"aligncenter size-full is-resized\"><a href=\"http:\/\/www.siloefilmfestival.it\/wp-content\/uploads\/2023\/06\/dino-2.jpg\"><img loading=\"lazy\" decoding=\"async\" src=\"http:\/\/www.siloefilmfestival.it\/wp-content\/uploads\/2023\/06\/dino-2.jpg\" alt=\"\" class=\"wp-image-3259\" width=\"321\" height=\"231\" srcset=\"http:\/\/www.siloefilmfestival.it\/wp-content\/uploads\/2023\/06\/dino-2.jpg 331w, http:\/\/www.siloefilmfestival.it\/wp-content\/uploads\/2023\/06\/dino-2-300x216.jpg 300w\" sizes=\"auto, (max-width: 321px) 100vw, 321px\" \/><\/a><\/figure>\n<\/div>\n\n\n<p><em>Sacerdote della Diocesi di Frosinone, sono alla mia prima esperienza di direzione artistica di un festival e come ogni \u201cprima volta\u201d, ho l\u2019entusiasmo del mio \u201cprimo giorno\u201d.&nbsp;<\/em><\/p>\n\n\n\n<p><em>Dopo gli studi umanistici all\u2019Universit\u00e0 &#8220;La Sapienza&#8221; di Roma, con indirizzo Cinema, nel 2013 entro in seminario. Da pi\u00f9 di 10 anni mi occupo di catechesi creativa attraverso laboratori che tengo nelle mie comunit\u00e0, in tante altre diocesi italiane e in diversi programmi televisivi. Ho pubblicato In un segno (San Paolo), Din Don Art. Luci di carta (Elledici) e Carta, forbici e Ges\u00f9 nel cuore (Effat\u00e0)<\/em>.<\/p>\n\n\n\n<p><em>Il cinema rappresenta un<\/em><em> prolungamento della mia vocazione, che passa anche attraverso questo mezzo meraviglioso. Che festival sar\u00e0 l\u2019edizione 2023? Sicuramente vuole rispondere ad un bisogno: creare un tessuto umano, fatto di relazioni, di confronto, di novit\u00e0, di bellezza.<\/em><\/p>\n\n\n\n<p><em>Il <strong>Siloe Film Festival<\/strong> vuole essere l\u2019esperienza di un riscatto che non nasce dalla rabbia ma nasce dalla pace.&nbsp;Il luogo in cui il <strong>Siloe Film Festival<\/strong> nasce, rappresenta la chiave di lettura di tante cose. Il silenzio, la vita della comunit\u00e0 monastica, la bellezza del luogo diventano lo scenario ideale per presentare la bellezza di voci, immagini, musiche che saranno protagonisti del festival.<\/em><\/p>\n\n\n\n<p><em>Ci vediamo a Grosseto!<\/em><\/p>\n\n\n\n<p><em>Don Dino Mazzoli<\/em><\/p>\n\n\n\n<p><\/p>\n\n\n\n\n\n\n<blockquote class=\"wp-block-quote is-layout-flow wp-block-quote-is-layout-flow\">\n<blockquote class=\"wp-block-quote is-layout-flow wp-block-quote-is-layout-flow\">\n<p><\/p>\n<\/blockquote>\n<\/blockquote>\n","protected":false},"excerpt":{"rendered":"<p>Il Siloe Film Festival si svolge presso una Comunit\u00e0 Monastica che si inserisce nel solco della tradizione benedettina. La comunit\u00e0 vive e opera in un monastero in costruzione, ma gi\u00e0 capace di ospitare amici e pellegrini, anche se in numero &hellip; <a class=\"more-link\" href=\"http:\/\/www.siloefilmfestival.it\/?page_id=45\">Continua a leggere<span class=\"meta-nav\">&rarr;<\/span><\/a><\/p>\n","protected":false},"author":2,"featured_media":0,"parent":0,"menu_order":5,"comment_status":"closed","ping_status":"closed","template":"","meta":{"footnotes":""},"class_list":["post-45","page","type-page","status-publish","hentry"],"_links":{"self":[{"href":"http:\/\/www.siloefilmfestival.it\/index.php?rest_route=\/wp\/v2\/pages\/45","targetHints":{"allow":["GET"]}}],"collection":[{"href":"http:\/\/www.siloefilmfestival.it\/index.php?rest_route=\/wp\/v2\/pages"}],"about":[{"href":"http:\/\/www.siloefilmfestival.it\/index.php?rest_route=\/wp\/v2\/types\/page"}],"author":[{"embeddable":true,"href":"http:\/\/www.siloefilmfestival.it\/index.php?rest_route=\/wp\/v2\/users\/2"}],"replies":[{"embeddable":true,"href":"http:\/\/www.siloefilmfestival.it\/index.php?rest_route=%2Fwp%2Fv2%2Fcomments&post=45"}],"version-history":[{"count":13,"href":"http:\/\/www.siloefilmfestival.it\/index.php?rest_route=\/wp\/v2\/pages\/45\/revisions"}],"predecessor-version":[{"id":3263,"href":"http:\/\/www.siloefilmfestival.it\/index.php?rest_route=\/wp\/v2\/pages\/45\/revisions\/3263"}],"wp:attachment":[{"href":"http:\/\/www.siloefilmfestival.it\/index.php?rest_route=%2Fwp%2Fv2%2Fmedia&parent=45"}],"curies":[{"name":"wp","href":"https:\/\/api.w.org\/{rel}","templated":true}]}}